d1 (base 16) to base 4
-10023101
Convert 16008 (base 9) to base 10.
10943
Convert 1c5a (base 14) to base 8.
12070
Convert -8bbc (base 13) to base 5.
-1111330
-228 (base 9) to base 4
-2330
Convert -16745 (base 10) to base 14.
-6161
-172b (base 12) to base 16
-ad3
132026 (base 7) to base 4
12002030
What is 122003 (base 4) in base 2?
11010000011
-30221 (base 4) to base 13
-4a3
What is 461 (base 7) in base 10?
239
Convert 117474 (base 8) to base 13.
15729
Convert 2a094 (base 12) to base 14.
17648
What is 1805 (base 9) in base 16?
566
What is -214314 (base 5) in base 8?
-16443
221b (base 16) to base 5
234411
Convert 1434 (base 6) to base 8.
576
Convert 112 (base 13) to base 10.
184
116 (base 9) to base 12
80
Convert 1020110111 (base 3) to base 15.
7364
Convert -1303 (base 11) to base 9.
-2285
Convert 3a77 (base 15) to base 4.
3003013
Convert 17076 (base 8) to base 5.
221432
Convert -52245 (base 6) to base 16.
-1b65
-b8 (base 15) to base 12
-125
What is -13696 (base 12) in base 16?
-6912
-1131 (base 5) to base 12
-11a
What is -10100011000010 (base 2) in base 7?
-42264
-2471 (base 9) to base 15
-831
Convert 255 (base 12) to base 3.
111002
What is 131113 (base 7) in base 5?
1240122
What is -38 (base 12) in base 9?
-48
-2121000220 (base 3) to base 5
-3113204
-4410 (base 7) to base 5
-22300
12c5a (base 15) to base 14
17cd2
-dd2 (base 14) to base 7
-10652
What is -53544 (base 7) in base 3?
-200021000
What is 22c2 (base 16) in base 6?
105110
889 (base 11) to base 14
561
-15125 (base 10) to base 16
-3b15
What is 717 (base 8) in base 11?
391
Convert -3520 (base 6) to base 10.
-840
-1101000001 (base 2) to base 14
-437
22022 (base 3) to base 4
3200
1503 (base 9) to base 8
2161
What is -1003310 (base 4) in base 2?
-1000011110100
Convert -392 (base 14) to base 2.
-1011001100
What is 54552 (base 8) in base 15?
6bb0
-1444 (base 7) to base 15
-281
2610 (base 12) to base 16
10ec
323024 (base 5) to base 10
11014
Convert -a6b3 (base 12) to base 4.
-10131213
What is -1d65 (base 16) in base 5?
-220100
What is 1900 (base 16) in base 2?
1100100000000
What is -66 (base 13) in base 4?
-1110
Convert -9299 (base 10) to base 3.
-110202102
Convert -1252 (base 7) to base 16.
-1de
What is -100101101 (base 2) in base 12?
-211
Convert -10011111 (base 2) to base 4.
-2133
What is 111103 (base 4) in base 2?
10101010011
Convert 1202 (base 9) to base 2.
1101111101
What is -13206 (base 8) in base 7?
-22545
What is 34014 (base 5) in base 12?
1468
Convert -136d (base 15) to base 16.
-1039
What is 1435 (base 6) in base 11?
319
1a6d (base 16) to base 2
1101001101101
Convert -233 (base 12) to base 10.
-327
Convert 37303 (base 8) to base 4.
3323003
What is -a9b6 (base 13) in base 14?
-8888
What is 12202210 (base 3) in base 7?
15156
Convert 2764 (base 8) to base 7.
4305
Convert 45 (base 12) to base 4.
311
What is 1e16 (base 16) in base 6?
55354
2a6 (base 11) to base 5
2413
What is 217 (base 16) in base 8?
1027
Convert 1501 (base 6) to base 11.
331
18e4 (base 15) to base 5
133024
-1001111 (base 4) to base 3
-12201212
What is 103175 (base 9) in base 14?
18529
-434 (base 14) to base 4
-30332
Convert -4956 (base 16) to base 7.
-105510
-101001011 (base 3) to base 11
-5556
What is 39636 (base 11) in base 10?
56667
What is 7a6 (base 11) in base 13?
591
-691 (base 15) to base 13
-8a4
-20001102 (base 3) to base 16
-113c
Convert 23117 (base 9) to base 7.
62626
What is -425 (base 6) in base 16?
-a1
Convert -1651 (base 12) to base 5.
-41103
What is 100004 (base 5) in base 10?
3129
Convert -353 (base 6) to base 4.
-2031
What is -6622 (base 7) in base 13?
-1102
Convert -9572 (base 12) to base 11.
-11321
-26 (base 14) to base 3
-1021
Convert cfd3 (base 16) to base 8.
147723
What is 6050 (base 10) in base 7?
23432
Convert -650 (base 16) to base 3.
-2012212
112 (base 3) to base 2
1110
What is -279 (base 14) in base 5?
-3444
870 (base 9) to base 13
429
-3522 (base 6) to base 2
-1101001010
-13202 (base 8) to base 5
-141022
1020 (base 5) to base 15
90
-137b1 (base 13) to base 14
-d419
What is -db2d (base 14) in base 8?
-111755
3533 (base 7) to base 3
1210002
Convert -31350 (base 6) to base 16.
-1092
-a12 (base 13) to base 3
-2100011
What is 14312 (base 9) in base 14?
3791
20f (base 16) to base 11
43a
Convert -175a (base 13) to base 14.
-138b
Convert -143110 (base 5) to base 12.
-35a6
What is -11210 (base 4) in base 5?
-2411
Convert -107a (base 14) to base 7.
-11213
211 (base 4) to base 14
29
-402 (base 15) to base 3
-1020102
222 (base 10) to base 14
11c
6db (base 16) to base 4
123123
8d4 (base 14) to base 7
5054
What is 13100131 (base 4) in base 11?
20373
Convert 6269 (base 10) to base 15.
1cce
Convert -76 (base 8) to base 2.
-111110
22550 (base 8) to base 3
111010200
What is 6651 (base 7) in base 10?
2388
Convert 9024 (base 10) to base 11.
6864
What is 31ba (base 14) in base 12?
4b80
Convert -4b5 (base 13) to base 7.
-2255
Convert 152d (base 15) to base 6.
33011
Convert 130203 (base 5) to base 11.
3884
Convert 12207 (base 12) to base 4.
11332213
Convert -569 (base 12) to base 5.
-11201
-1ca (base 14) to base 5
-2444
What is 242252 (base 6) in base 16?
5318
302 (base 11) to base 3
111112
42154 (base 6) to base 14
2102
Convert 207 (base 9) to base 14.
c1
-3230 (base 9) to base 15
-a86
Convert -51e (base 15) to base 7.
-3236
Convert 212114 (base 5) to base 15.
21c4
1033231 (base 4) to base 15
17a1
178 (base 10) to base 3
20121
Convert -122021200 (base 3) to base 15.
-3b00
What is 51c (base 14) in base 7?
2635
Convert 111001111 (base 2) to base 5.
3323
What is -314032 (base 5) in base 7?
-42443
What is -220220 (base 3) in base 10?
-672
-1623 (base 10) to base 8
-3127
Convert -112211221 (base 3) to base 4.
-2221021
-13143 (base 8) to base 11
-4340
202330 (base 4) to base 11
1753
What is 61 (base 10) in base 5?
221
36460 (base 7) to base 8
22433
Convert -5982 (base 12) to base 9.
-14678
Convert -12543 (base 13) to base 15.
-a070
-181 (base 14) to base 10
-309
What is -101211011 (base 3) in base 9?
-11734
What is 287 (base 9) in base 14?
133
What is -3718 (base 9) in base 8?
-5323
Convert 1011021021 (base 3) to base 8.
54413
What is 308 (base 11) in base 9?
452
20122112 (base 3) to base 12
297b
Convert 111111101 (base 2) to base 8.
775
What is -1196 (base 13) in base 9?
-3365
What is 1010100011010 (base 2) in base 11?
4071
What is -223303 (base 4) in base 2?
-101011110011
What is 61048 (base 9) in base 14?
108b1
-a351 (base 13) to base 7
-122503
What is 10d (base 16) in base 2?
100001101
Convert -5254 (base 9) to base 6.
-25504
Convert 1133340 (base 5) to base 7.
115334
What is 21463 (base 7) in base 13?
25b4
What is bd8b (base 14) in base 3?
1200001212
Convert 10743 (base 8) to base 5.
121304
-403 (base 6) to base 7
-300
-110101000111111 (base 2) to base 13
-c4c3
What is -183 (base 9) in base 13?
-c0
What is 157a8 (base 11) in base 4?
11123311
What is -1411 (base 15) in base 11?
-3251
What is 1d7 (base 15) in base 5?
3202
-615 (base 12) to base 11
-731
-268 (base 10) to base 2
-100001100
Convert 614 (base 11) to base 16.
2e5
-43323 (base 6) to base 5
-142310
16323 (base 12) to base 3
1121022000
Convert 3346 (base 14) to base 5.
241012
Convert -1a42 (base 15) to base 9.
-7718
What is -172 (base 10) in base 4?
-2230
-221 (base 16) to base 14
-2ad
Convert 105530 (base 7) to base 16.
4964
Convert -32123 (base 4) to base 14.
-49d
What is -689 (base 10) in base 7?
-2003
Convert 350 (base 16) to base 8.
1520
Convert 25920 (base 10) to base 5.
1312140
What is 1376 (base 11) in base 8?
3361
-3100110 (base 4) to base 15
-3e3c
What is -6a39 (base 16) in base 7?
-142165
What is -1100110110101 (base 2) in base 14?
-2581
-4a (base 12) to base 13
-46
Convert -1000010000111 (base 2) to base 6.
-31331
What is 414 (base 10) in base 8?
636
Convert -1711 (base 10) to base 5.
-23321
What is -5c (base 16) in base 13?
-71
-105017 (base 8) to base 14
-cc47
4929 (base 16) to base 15
5839
What is 2221 (base 7) in base 13?
496
Convert -11111000 (base 2) to base 13.
-161
Convert 103712 (base 8) to base 5.
2103022
Convert -23555 (base 6) to base 7.
-13034
Convert 4230 (base 5) to base 10.
565
What is 1a66 (base 13) in base 5?
111341
Convert 26e (base 15) to base 13.
338
14056 (base 8) to base 9
8437
What is -20595 (base 13) in base 12?
-2974